rivative of 3*o**2 - 6*o - 8. Let n be c(6). Let f = 45 - n. What is the remainder when f is divided by 6?
3
Let t(f) = -f**2 - 94*f + 2161. What is the remainder when 1042 is divided by t(-111)?
220
Suppose -116 = -6*m + 2*m. Let j = -94 + 18. Let s = j + 86. Calculate the remainder when m is divided by s.
9
Let c = -2223 - -2257. Calculate the remainder when 94 is divided by c.
26
Let k be ((-4875)/9 - 5)*(-6)/4. Let n = k - 799. What is the remainder when n is divided by (-116)/(-10) - (-4)/10?
9
Let c = -15924 + 15948. What is the remainder when 310 is divided by c?
22
What is the remainder when (-398)/(-8) + (-1)/(-4) is divided by (-2 - -17)*1 + (-33)/(66/16)?
1
Suppose 5*u - 460 = -5*c, -7*u + 2*u + 3*c = -444. Suppose -5*o = 2*g - 151, 3*o - 74 = -g - o. Let i = g + -47. What is the remainder when u is divided by i?
28
Suppose 0*c + 4*q = -4*c + 924, -459 = -2*c - 5*q. Calculate the remainder when c is divided by 64.
40
Suppose 81 = 4*b + 23*b. Let s(y) = 11*y**3 - 13*y**2 - 2*y + 6. Calculate the remainder when s(b) is divided by 52.
24
Suppose 684 = -1797*h + 1804*h + 54. What is the remainder when 260 is divided by h?
80
Let x = 98 + -90. Suppose 3*n + 350 = x*n. Let g = n - 52. Calculate the remainder when 87 is divided by g.
15
Suppose s - 67 = -20. Let g(f) = f**3 + 5*f**2 - 12*f - 28. Calculate the remainder when s is divided by g(-6).
7
Suppose 4*k + 5*p - 538 = 0, 343 + 45 = 3*k - 4*p. What is the remainder when k is divided by 3?
0
Let t = 975 + -868. Let j(l) = -l**2 - 12*l + 16. Let b be j(-13). Calculate the remainder when t is divided by (-2)/b*(-18 - 36).
35
Let r(a) = a - 3. Let j = -218 + 231. Suppose -3*x - 2*x = -4*t - j, -x - 7 = 4*t. Calculate the remainder when x is divided by r(4).
0
Suppose t = 4*j + 16, 0 = -3*j + 4*t - 7 - 5. What is the remainder when (-1 - (-152)/6)*(j - -7) is divided by 13?
8
Let i(z) = -357*z + 1623. Calculate the remainder when i(3) is divided by 41.
19
Suppose 4140 = 40383*x - 40347*x. What is the remainder when 294 is divided by x?
64
Suppose 3*s = 5*y + 119, s + 23 = -2*y - 18. Calculate the remainder when 478 is divided by 4/(2 + -1 - y/(-24)).
46
Suppose 5*n = 2*o - 2169, -o + 561 + 517 = 4*n. Calculate the remainder when o is divided by 34.
28
Suppose k - 12 = 20. Let s = -41 + 41. Suppose s = -23*r + 25*r - 122. What is the remainder when r is divided by k?
29
Let c(x) = 295*x + 5128. What is the remainder when 1147 is divided by c(-17)?
17
Suppose 59557 = -515*a + 2901842. Calculate the remainder when a is divided by 251.
248
Let m = -59 + 70. Suppose m = 3*z - 7. Let i(f) = f**3 - 7*f**2 + 8*f + 1. Calculate the remainder when 37 is divided by i(z).
11
Let p be 1*(13 + 4) + -4. Suppose p*i + 16 - 55 = 0. Suppose -5*m + 2*m = -5*r, 0 = -2*m + 10. What is the remainder when r is divided by i?
0
Let i = 2225 + -787. Calculate the remainder when i is divided by 24.
22
Let o = 47 - 44. Suppose 5*q - x = 3*q - 9, o*q + 26 = 4*x. Calculate the remainder when 43 is divided by -5*(12/(-10) + q).
11
Suppose -5*b - 8 + 28 = a, a = b - 4. Suppose 9*z - b*z + 310 = 0. Let j = 167 + z. Calculate the remainder when j is divided by 36.
33
Suppose -65 = -4*t + 75. Calculate the remainder when t is divided by -3*(-606)/90 + 2/(-10).
15
Let q be 27/18*(-5)/((-45)/258). Suppose q = -2*k + z, -k = -2*k - 2*z - 24. Let y = k + 91. What is the remainder when y is divided by 9?
6
Suppose 0 = -111*p + 47464 - 15847 + 7566. What is the remainder when p is divided by 55?
23
Let w(i) = 27*i**3 + 165*i**2 - 5*i + 4. What is the remainder when w(-6) is divided by 64?
14
Suppose -s + 46 = -2*i, -146 = -3*s + 2*i - 4*i. Suppose -564 = -s*d + 36*d. Calculate the remainder when 1125 is divided by d.
44
Suppose 361496 = 342*m - 113200. Calculate the remainder when m is divided by 127.
118
Suppose -5*g + 3*h + 174 = 0, 2*h - 40 = -7*g + 6*g. Suppose 2*d - g = -5*r, -26 = -5*d + 5*r + 29. Calculate the remainder when 24 is divided by d.
11
Let x(p) = 17 - p**2 - 85*p + 84*p + 58. Let u be x(0). Let r = -72 + u. What is the remainder when 7 is divided by r?
1
Let j(t) = 3*t**2 + 58*t - 294. Calculate the remainder when 663 is divided by j(-27).
9
Let s(g) = 52*g - 88*g + g**3 + 39*g + 8 - 10*g**2. Let o = 30 + -20. Calculate the remainder when 188 is divided by s(o).
36
Suppose -t = 3*j + j - 773, 2*j - 3*t - 397 = 0. Let r = 247 - j. What is the remainder when r is divided by 20?
13
Let j(s) = s**3 + 8*s**2 + 5*s. Suppose 0 = -2*w - 20 + 6. Calculate the remainder when ((-6)/(-15) + 943/(-115))*-5 is divided by j(w).
11
Let f = 24 - 20. Suppose -12*n + 80 = -f*n. What is the remainder when 75 is divided by (-156)/(-8) + (n/4 - 3)?
18
Let a(t) = -t**2 - 3*t + 10. Let n be a(-4). Let x be 6*(-3)/n + (-5 - -16). Suppose 9*q - x*q = 77. What is the remainder when q is divided by 40?
37
Suppose 4*m = h + 10, -4*h + 3*m + 25 = -0*h. Let q = h - -9. What is the remainder when (-5)/((-5)/(-4))*-8 is divided by q?
13
What is the remainder when 942 is divided by 12/(-84) - (-1011)/21?
30
Let u = -34782 + 34785. Let a(o) be the third derivative of -o**6/120 - o**5/12 - o**4/8 - o**3/2 - o**2. What is the remainder when a(-5) is divided by u?
0
Let c(k) = 24*k**3 - 2*k**2 - 6*k + 57. Calculate the remainder when 2013 is divided by c(3).
6
Let n = -1 - -4. Suppose -3*j + 21 = -3*r, 5*r = -3*j - 2*j - 15. Suppose -33 - n = -j*s. What is the remainder when 125 is divided by s?
17
Suppose -l - 4*f + 71 = -1785, 7398 = 4*l + 3*f. Calculate the remainder when 64 is divided by (-5)/2*l/(-210).
20
Suppose -3*h - 21732 = -3*x, 5*x + 178*h - 179*h = 36240. Calculate the remainder when x is divided by 148.
145
Suppose 24*o + 24 = 22*o. Let i be 43 + 6/(-3)*o/(-8). Calculate the remainder when 191 is divided by (-24)/(10/i - (0 + 1)).
31
Suppose h + m - 465 = 0, 4*m + 738 = 5*h - 1614. Suppose 0 = -7*f + h - 167. Let s = f + -20. Calculate the remainder when 42 is divided by s.
19
Suppose -28*i + 462 = -32*i + 11*i. Calculate the remainder when 684 is divided by i.
24
Suppose -76*s - 1117 + 5733 = -1388. Let g(o) = 28*o - 3. What is the remainder when g(9) is divided by s?
12
Suppose -124 = -4*b + 4*k, -2*b + 119 = 2*b + k. Suppose 17*t - 15*t - 68 = 0. Suppose -2*q + t + 78 = 0. Calculate the remainder when q is divided by b.
26
Calculate the remainder when 1260672/256 + 3/2 is divided by 93.
90
Suppose 0 = 39*l - 296 - 1615. Suppose 11 = 3*p - 31. What is the remainder when l is divided by p?
7
Suppose 4*q + 180*h = 185*h + 1788, 2*q - h = 888. Calculate the remainder when q is divided by 143.
13
Suppose -4*b + 2106 = a, -6318 = -4*a + a - 5*b. What is the remainder when a is divided by 34?
32
Suppose -3*f + 4*f = 3*s - 59, 3*f = -6. Let w(h) = -h**3 - 4*h**2 + 11*h + 5. Calculate the remainder when w(-7) is divided by s.
18
Let n = -29 - -37. Suppose 0 = -m - m - 5*h + 25, -3*h = 4*m - 15. Suppose -4*z + z + 186 = m. What is the remainder when z is divided by n?
6
Suppose -4*x + 175 = -69. What is the remainder when (1452/(-18))/(2/(-6)) is divided by x?
59
Let y be (-29 + -1)*(151 + 47). Calculate the remainder when 4/(-14) - 366/(-7) is divided by y/(-308) - (-2)/(-7).
14
Let b(l) = 2*l**3 - 2*l**2 - l - 16. Calculate the remainder when (-1 - -3) + 0 + 99 is divided by b(3).
16
Let u = -6 - -11. Let r(f) = 2*f**3 - 5*f**2 + 2*f + 1. Suppose -136 - 82 + 1747 = 74*g - 173. What is the remainder when r(u) is divided by g?
21
Suppose -2*m - 7 = -53. Let s = m + -20. Suppose -z + 2*v = -80, 3*v + 227 = s*z - 28. Calculate the remainder when z is divided by 23.
21
Suppose 11544 = 97*g - 26771. What is the remainder when g is divided by 44?
43
Let a(f) = 3*f**2 + 8*f - 45. Let x be a(13). Suppose -23*d + x = -3321. What is the remainder when d is divided by 34?
33
What is the remainder when 6/(-4)*17520/(-180) is divided by 15?
11
Suppose 57 = i + 10. Let a = i + 1. Let l = -75346 - -75373. What is the remainder when a is divided by l?
21
Calculate the remainder when (-6 - -304)/((-1 + (-180)/(-186))*-1) is divided by 70.
68
Let d(a) = a**3 + 6*a**2 - 7. Let f be d(4). Let h(x) = -x - x**2 - f*x**3 + 152*x**3 + 2*x + 2. Calculate the remainder when h(-4) is divided by 24.
22
Suppose -769 = s + 137. Let n = s + 1568. What is the remaind